prime factors of 6312587?
59, 106993
List the prime factors of 7362968.
2, 920371
What are the prime factors of 6917917?
23, 300779
What are the prime factors of 31598081?
29, 389, 2801
List the prime factors of 117322.
2, 58661
What are the prime factors of 9905394?
2, 3, 43, 38393
What are the prime factors of 294980?
2, 5, 7, 43
List the prime factors of 12624369.
3, 4208123
List the prime factors of 4163043.
3, 1387681
What are the prime factors of 487898?
2, 89, 2741
List the prime factors of 153750.
2, 3, 5, 41
List the prime factors of 259590.
2, 3, 5, 17, 509
What are the prime factors of 317501?
79, 4019
What are the prime factors of 2727095?
5, 7, 11131
What are the prime factors of 10155502?
2, 7, 725393
What are the prime factors of 2102292?
2, 3, 23, 2539
What are the prime factors of 1503610?
2, 5, 53, 2837
List the prime factors of 1532290.
2, 5, 67, 2287
What are the prime factors of 2679?
3, 19, 47
List the prime factors of 138725.
5, 31, 179
List the prime factors of 125698.
2, 17, 3697
List the prime factors of 274581.
3, 30509
List the prime factors of 6147722.
2, 7, 439123
List the prime factors of 897895.
5, 179579
What are the prime factors of 2308840?
2, 5, 197, 293
List the prime factors of 13012753.
13, 1000981
What are the prime factors of 1669577?
7, 13, 2621
List the prime factors of 810480.
2, 3, 5, 11, 307
List the prime factors of 238087.
41, 5807
List the prime factors of 94474.
2, 47237
What are the prime factors of 148141?
7, 21163
List the prime factors of 6994482.
2, 3, 11, 105977
List the prime factors of 9650793.
3, 3216931
List the prime factors of 364467.
3, 31, 3919
What are the prime factors of 7193243?
397, 18119
List the prime factors of 292479.
3, 11, 8863
List the prime factors of 6495946.
2, 3247973
List the prime factors of 271736.
2, 33967
List the prime factors of 194580.
2, 3, 5, 23, 47
What are the prime factors of 807557?
19, 2237
What are the prime factors of 6741623?
7, 73, 79, 167
What are the prime factors of 4025114?
2, 89, 22613
List the prime factors of 294546.
2, 3, 7, 7013
List the prime factors of 8319251.
53, 156967
List the prime factors of 168767.
71, 2377
List the prime factors of 3688027.
7, 23, 22907
List the prime factors of 1828853.
13, 140681
List the prime factors of 23309433.
3, 7, 369991
List the prime factors of 7984008.
2, 3, 37
What are the prime factors of 4890677?
11, 444607
List the prime factors of 5441336.
2, 409, 1663
List the prime factors of 480279.
3, 160093
List the prime factors of 937853.
7, 133979
What are the prime factors of 31075879?
3307, 9397
List the prime factors of 21609762.
2, 3, 3601627
What are the prime factors of 11590539?
3, 3863513
List the prime factors of 10093807.
19, 531253
List the prime factors of 308055.
3, 5, 11, 1867
List the prime factors of 10821485.
5, 59, 36683
What are the prime factors of 993846?
2, 3, 7, 23663
List the prime factors of 10213916.
2, 29, 191, 461
List the prime factors of 729868.
2, 182467
List the prime factors of 750142.
2, 17, 22063
What are the prime factors of 249390?
2, 3, 5, 17, 163
List the prime factors of 1925519.
163, 11813
List the prime factors of 554174.
2, 277087
List the prime factors of 1295173.
11, 19, 6197
List the prime factors of 2681553.
3, 7, 149, 857
What are the prime factors of 383135?
5, 19, 37, 109
What are the prime factors of 154816?
2, 41, 59
List the prime factors of 156248.
2, 19531
What are the prime factors of 2328264?
2, 3, 3593
List the prime factors of 6766145.
5, 107, 12647
What are the prime factors of 3829470?
2, 3, 5, 127649
What are the prime factors of 27409214?
2, 7, 1957801
List the prime factors of 30697944.
2, 3, 1279081
List the prime factors of 753529.
7, 107647
List the prime factors of 29412785.
5, 41, 143477
List the prime factors of 11912290.
2, 5, 13, 43, 2131
What are the prime factors of 668791?
668791
What are the prime factors of 3324986?
2, 7, 439, 541
What are the prime factors of 4550988?
2, 3, 13, 29173
List the prime factors of 7709909.
151, 51059
List the prime factors of 2662207.
2662207
What are the prime factors of 6320853?
3, 7, 11, 1303
List the prime factors of 183002.
2, 37, 2473
List the prime factors of 446894.
2, 7, 137, 233
What are the prime factors of 32593497?
3, 10864499
List the prime factors of 27950791.
11, 2540981
What are the prime factors of 7694099?
7, 157, 7001
List the prime factors of 1823092.
2, 239, 1907
List the prime factors of 25551111.
3, 8517037
List the prime factors of 2625841.
23, 114167
What are the prime factors of 748976?
2, 46811
List the prime factors of 22102885.
5, 7, 23, 27457
What are the prime factors of 387340?
2, 5, 107, 181
List the prime factors of 795474.
2, 3, 14731
List the prime factors of 367410.
2, 3, 5, 37, 331
List the prime factors of 613867.
37, 47, 353
What are the prime factors of 2003981?
7, 353, 811
List the prime factors of 10210350.
2, 3, 5, 43, 1583
What are the prime factors of 3413379?
3, 17, 31, 127
What are the prime factors of 4492211?
4492211
List the prime factors of 1704690.
2, 3, 5, 13, 31, 47
What are the prime factors of 25986804?
2, 3, 31, 69857
What are the prime factors of 12789327?
3, 101, 42209
What are the prime factors of 77517?
3, 11, 29
What are the prime factors of 1926760?
2, 5, 11, 29, 151
List the prime factors of 7922728.
2, 11, 90031
List the prime factors of 2408265.
3, 5, 17839
What are the prime factors of 111611?
111611
List the prime factors of 215160.
2, 3, 5, 11, 163
What are the prime factors of 2894052?
2, 3, 7, 131, 263
What are the prime factors of 120595?
5, 89, 271
List the prime factors of 451946.
2, 11, 20543
What are the prime factors of 707281?
29
List the prime factors of 42967013.
23, 443, 4217
List the prime factors of 747993.
3, 167, 1493
List the prime factors of 9787340.
2, 5, 489367
List the prime factors of 4022750.
2, 5, 16091
What are the prime factors of 13993878?
2, 3, 2332313
What are the prime factors of 268265?
5, 53653
List the prime factors of 203327.
127, 1601
What are the prime factors of 1488466?
2, 7, 106319
What are the prime factors of 408996?
2, 3, 7, 541
List the prime factors of 296109.
3, 11, 997
What are the prime factors of 571696?
2, 35731
What are the prime factors of 1139089?
7, 162727
List the prime factors of 4178669.
11, 37, 10267
What are the prime factors of 19866887?
19866887
List the prime factors of 285199.
285199
List the prime factors of 592211.
19, 71, 439
What are the prime factors of 26765?
5, 53, 101
What are the prime factors of 618256?
2, 17, 2273
What are the prime factors of 1206883?
79, 15277
List the prime factors of 2592725.
5, 137, 757
What are the prime factors of 152355?
3, 5, 7, 1451
List the prime factors of 2219715.
3, 5, 107, 461
List the prime factors of 894618.
2, 3, 16567
List the prime factors of 4533.
3, 1511
List the prime factors of 358965.
3, 5, 2659
What are the prime factors of 124227?
3, 43, 107
What are the prime factors of 166043?
166043
List the prime factors of 703451.
7, 100493
What are the prime factors of 675005?
5, 127, 1063
List the prime factors of 2682631.
7, 409, 937
What are the prime factors of 14545041?
3, 7, 692621
List the prime factors of 2763612.
2, 3, 25589
What are the prime factors of 700161?
3, 7, 11, 433
List the prime factors of 3261613.
317, 10289
What are the prime factors of 82454?
2, 41227
List the prime factors of 318287.
318287
List the prime factors of 441433.
239, 1847
What are the prime factors of 1646066?
2, 823033
What are the prime factors of 1945270?
2, 5, 194527
What are the prime factors of 299537?
7, 6113
List the prime factors of 142718.
2, 71359
List the prime factors of 2430607.
2430607
What are the prime factors of 284473?
7, 40639
What are the prime factors of 45018?
2, 3, 41, 61
List the prime factors of 1101160.
2, 5, 27529
What are the prime factors of 86074?
2, 43037
List the prime factors of 163554.
2, 3, 27259
List the prime factors of 338607.
3, 12541
List the prime factors of 318857.
7, 11, 41, 101
List the prime factors of 312056.
2, 19, 2053
What are the prime factors of 2491057?
61, 97, 421
What are the prime factors of 419204?
2, 104801
What are the prime factors of 474208?
2, 7, 29, 73
List the prime fact